{"id":369,"date":"2015-05-07T08:53:21","date_gmt":"2015-05-07T07:53:21","guid":{"rendered":"http:\/\/lelievre-couverture.com\/entreprise\/?page_id=369"},"modified":"2015-05-07T10:49:49","modified_gmt":"2015-05-07T09:49:49","slug":"artisan-couvreur-a-hesdin-une-ville-aux-prouesses-techniques","status":"publish","type":"page","link":"https:\/\/lelievre-couverture.com\/entreprise\/artisan-couvreur-a-hesdin-une-ville-aux-prouesses-techniques\/","title":{"rendered":"Artisan couvreur \u00e0 Hesdin : une ville aux prouesses techniques | couvreur hesdin saint pol ternoise"},"content":{"rendered":"<div class=\"gmail_signature\">\n<div><strong>Vous connaissez certainement Hesdin, cette magnifique petite ville situ\u00e9e proche de Saint-Pol-sur-Ternoise (le Ternois), travers\u00e9e par la Canche.<\/strong><\/div>\n<div>Elle \u00e9tait jadis le point d&rsquo;arr\u00eat de tous les voyageurs qui se d\u00e9pla\u00e7aient pour aller d&rsquo;Arras \u00e0 Montreuil (et vice versa).<\/div>\n<div><\/div>\n<div>Ce que vous ne savez peut \u00eatre pas c&rsquo;est que l&rsquo;existence de cette ville pittoresque remonte aux origines m\u00e9di\u00e9vales. Le Vieil-Hesdin t\u00e9moigne encore de cette p\u00e9riode tumultueuse qui faisait de cette ville un point g\u00e9ographique crucial, politique et d\u00e9cisif&#8230; Il existait un ch\u00e2teau \u00e0 Hesdin, h\u00e9las celui-ci fut d\u00e9truit par Charles Quint&#8230;<\/div>\n<div><\/div>\n<div>Aujourd&rsquo;hui c&rsquo;est son h\u00f4tel de ville, son beffroi et son \u00e9glise (du\u00a0<span class=\"\">XVI<\/span><sup>e<\/sup> et <span class=\"\">XVII<\/span><sup>e<\/sup> ) qui marquent le temps pour cette ville magnifique. Mais aussi un m\u00e9lange subtil de vieux b\u00e2timents historiques et modernes, de vieilles rues qui forment \u00e0 eux seuls une architecture riche pour l&rsquo;artisanat local.<\/div>\n<div><\/div>\n<div><strong>\u00ab\u00a0Etre couvreur \u00e0 Hesdin, c&rsquo;est disposer d&rsquo;un terrain de jeu sans limite !\u00a0\u00bb<\/strong><\/div>\n<div>\n<div id=\"attachment_215\" style=\"width: 610px\" class=\"wp-caption alignnone\"><a href=\"http:\/\/lelievre-couverture.com\/entreprise\/wp-content\/uploads\/2014\/10\/lelievre-photos-0701.jpg\"><img loading=\"lazy\" decoding=\"async\" aria-describedby=\"caption-attachment-215\" class=\"wp-image-215\" src=\"http:\/\/lelievre-couverture.com\/entreprise\/wp-content\/uploads\/2014\/10\/lelievre-photos-0701.jpg\" alt=\"lelievre photos 070\" width=\"600\" height=\"450\" \/><\/a><p id=\"caption-attachment-215\" class=\"wp-caption-text\">Etre couvreur \u00e0 Hesdin c&rsquo;est jongler entre les traditions techniques<\/p><\/div>\n<\/div>\n<\/div>\n","protected":false},"excerpt":{"rendered":"<p>Vous connaissez certainement Hesdin, cette magnifique petite ville situ\u00e9e proche de Saint-Pol-sur-Ternoise (le Ternois), travers\u00e9e par la Canche. Elle \u00e9tait jadis le point d&rsquo;arr\u00eat de tous les voyageurs qui se d\u00e9pla\u00e7aient pour aller d&rsquo;Arras \u00e0 Montreuil (et vice versa). Ce que vous ne savez peut \u00eatre pas c&rsquo;est que l&rsquo;existence de cette ville pittoresque remonte<\/p>\n","protected":false},"author":1,"featured_media":0,"parent":0,"menu_order":0,"comment_status":"closed","ping_status":"closed","template":"","meta":{"footnotes":""},"class_list":["post-369","page","type-page","status-publish","hentry"],"_links":{"self":[{"href":"https:\/\/lelievre-couverture.com\/entreprise\/wp-json\/wp\/v2\/pages\/369","targetHints":{"allow":["GET"]}}],"collection":[{"href":"https:\/\/lelievre-couverture.com\/entreprise\/wp-json\/wp\/v2\/pages"}],"about":[{"href":"https:\/\/lelievre-couverture.com\/entreprise\/wp-json\/wp\/v2\/types\/page"}],"author":[{"embeddable":true,"href":"https:\/\/lelievre-couverture.com\/entreprise\/wp-json\/wp\/v2\/users\/1"}],"replies":[{"embeddable":true,"href":"https:\/\/lelievre-couverture.com\/entreprise\/wp-json\/wp\/v2\/comments?post=369"}],"version-history":[{"count":2,"href":"https:\/\/lelievre-couverture.com\/entreprise\/wp-json\/wp\/v2\/pages\/369\/revisions"}],"predecessor-version":[{"id":371,"href":"https:\/\/lelievre-couverture.com\/entreprise\/wp-json\/wp\/v2\/pages\/369\/revisions\/371"}],"wp:attachment":[{"href":"https:\/\/lelievre-couverture.com\/entreprise\/wp-json\/wp\/v2\/media?parent=369"}],"curies":[{"name":"wp","href":"https:\/\/api.w.org\/{rel}","templated":true}]}}