{"id":261,"date":"2015-01-28T10:51:33","date_gmt":"2015-01-28T09:51:33","guid":{"rendered":"http:\/\/lelievre-couverture.com\/entreprise\/?page_id=261"},"modified":"2015-05-07T11:02:06","modified_gmt":"2015-05-07T10:02:06","slug":"juger-de-letat-de-votre-charpente","status":"publish","type":"page","link":"https:\/\/lelievre-couverture.com\/entreprise\/juger-de-letat-de-votre-charpente\/","title":{"rendered":"Juger de l&rsquo;\u00e9tat de votre charpente : | charpente neuve abim\u00e9e pourrie"},"content":{"rendered":"<div class=\"gmail_signature\">\n<h2><strong>Comment savoir si ma charpente est en \u00e9tat ?<\/strong><\/h2>\n<div dir=\"ltr\"><strong>Vous achetez une maison, vous l\u00e0 restaurez ou vous d\u00e9sirez simplement connaitre l&rsquo;\u00e9tat de votre charpente actuelle : voici quelques conseils pour vous rep\u00e9rer et \u00e9viter les soucis.<\/strong><\/div>\n<div dir=\"ltr\">Tout d&rsquo;abord, pour juger d&rsquo;une charpente il faut commencer par <strong>l&rsquo;aspect ext\u00e9rieur<\/strong> de l&rsquo;installation existante : le sommet (fait) de la toiture est-il droit ou courb\u00e9 ? Si il est courb\u00e9, il y a fort \u00e0 parier que la charpente qui soutien les tuiles est en mauvais \u00e9tat, ainsi que ses fermes&#8230; Elle a fait son temps.<br \/>\nPuis toujours sur l&rsquo;ext\u00e9rieur, regarder l&rsquo;\u00e9tat des tuiles : elles sont de travers, il en manque \u00e7a et l\u00e0, elles ne sont plus align\u00e9es&#8230; ce deuxi\u00e8me point vous indiquera que la charpente travaille et qu&rsquo;elle est certainement expos\u00e9e \u00e0 l&rsquo;humidit\u00e9, donc en passe de pourrir&#8230; Si il y a pr\u00e9sence d&rsquo;un <a href=\"http:\/\/lelievre-couverture.com\/entreprise\/lecran-de-sous-toiture-quel-est-son-role\/\">voile sous-toiture<\/a>, v\u00e9rifiez \u00e9galement son \u00e9tat et sa composition.<\/div>\n<div dir=\"ltr\">\n<div id=\"attachment_140\" style=\"width: 610px\" class=\"wp-caption alignnone\"><a href=\"http:\/\/lelievre-couverture.com\/entreprise\/wp-content\/uploads\/2014\/10\/lelievre-photos-243.jpg\"><img loading=\"lazy\" decoding=\"async\" aria-describedby=\"caption-attachment-140\" class=\"wp-image-140\" src=\"http:\/\/lelievre-couverture.com\/entreprise\/wp-content\/uploads\/2014\/10\/lelievre-photos-243.jpg\" alt=\"lelievre photos 243\" width=\"600\" height=\"337\" \/><\/a><p id=\"caption-attachment-140\" class=\"wp-caption-text\">La charpente de votre maison est l&rsquo;\u00e2me de votre couverture<\/p><\/div>\n<\/div>\n<h3>Passons maintenant \u00e0 l&rsquo;int\u00e9rieur :<\/h3>\n<div>Passez maintenant dans les combles et essayez de rep\u00e9rer des traces d&rsquo;humidit\u00e9 (des coulures d&rsquo;eau sur le bois, m\u00eame des traces) et de voir en m\u00eame temps si des travaux de remplacement ou de consolidation ont \u00e9t\u00e9 port\u00e9s sur la charpente, si tel est le cas : votre charpente a subi des d\u00e9g\u00e2ts dans le pass\u00e9, elle a \u00e9t\u00e9 expos\u00e9 \u00e0 l&rsquo;eau&#8230; Elle est certainement en bout de course&#8230;<br \/>\nRegardez \u00e9galement (dans le cas d&rsquo;absence d&rsquo;isolation, comme c&rsquo;est souvent le cas dans les vieilles b\u00e2tisses) si la lumi\u00e8re du jour passe \u00e0 travers les tuiles : encore un signe que l&rsquo;eau p\u00e9n\u00e8tre et attaque l&rsquo;int\u00e9rieur de votre maison.<\/div>\n<div dir=\"ltr\">Enfin, un dernier point des plus importants : surveillez l&rsquo;apparition de poussi\u00e8res de bois ou de petits monticules de bois (sciure) qui sont le signe de la <strong>pr\u00e9sence de termites<\/strong>. A ce stade le mal est fait : m\u00e9fiance, mais heureusement il existe des <a href=\"http:\/\/lelievre-couverture.com\/entreprise\/termites-et-insectes-xylophages-toiture\/\">traitements et des solutions pour prot\u00e9ger votre toiture<\/a> !&gt;Pour vous donner une id\u00e9e g\u00e9n\u00e9rale de la robustesse de vos poutres de charpentes, il vous suffit de planter le bois avec un poin\u00e7on : si il entre facilement, c&rsquo;est que le bois est pourri ou infest\u00e9 de vermines&#8230;Si vous avez le moindre doute, faites refaire l&rsquo;ensemble de votre couverture. L&rsquo;entreprise Leli\u00e8vre se d\u00e9placera pour vous \u00e9valuer une intervention cibl\u00e9e. Chez Leli\u00e8vre couverture, nous ne rempla\u00e7ons que ce qui est n\u00e9cessaire !<\/div>\n<div dir=\"ltr\">\n<div id=\"attachment_97\" style=\"width: 610px\" class=\"wp-caption alignnone\"><a href=\"http:\/\/lelievre-couverture.com\/entreprise\/wp-content\/uploads\/2014\/10\/saulty-7.jpg\"><img loading=\"lazy\" decoding=\"async\" aria-describedby=\"caption-attachment-97\" class=\"wp-image-97\" src=\"http:\/\/lelievre-couverture.com\/entreprise\/wp-content\/uploads\/2014\/10\/saulty-7.jpg\" alt=\"Un couvreur qui ne remplace que le n\u00e9cessaire entre arras et amiens\" width=\"600\" height=\"450\" \/><\/a><p id=\"caption-attachment-97\" class=\"wp-caption-text\">Leli\u00e8vre couverture : des devis sur mesure, pour des chantiers optimis\u00e9s.<\/p><\/div>\n<\/div>\n<\/div>\n","protected":false},"excerpt":{"rendered":"<p>Comment savoir si ma charpente est en \u00e9tat ? Vous achetez une maison, vous l\u00e0 restaurez ou vous d\u00e9sirez simplement connaitre l&rsquo;\u00e9tat de votre charpente actuelle : voici quelques conseils pour vous rep\u00e9rer et \u00e9viter les soucis. Tout d&rsquo;abord, pour juger d&rsquo;une charpente il faut commencer par l&rsquo;aspect ext\u00e9rieur de l&rsquo;installation existante : le sommet<\/p>\n","protected":false},"author":1,"featured_media":0,"parent":0,"menu_order":0,"comment_status":"closed","ping_status":"closed","template":"","meta":{"footnotes":""},"class_list":["post-261","page","type-page","status-publish","hentry"],"_links":{"self":[{"href":"https:\/\/lelievre-couverture.com\/entreprise\/wp-json\/wp\/v2\/pages\/261","targetHints":{"allow":["GET"]}}],"collection":[{"href":"https:\/\/lelievre-couverture.com\/entreprise\/wp-json\/wp\/v2\/pages"}],"about":[{"href":"https:\/\/lelievre-couverture.com\/entreprise\/wp-json\/wp\/v2\/types\/page"}],"author":[{"embeddable":true,"href":"https:\/\/lelievre-couverture.com\/entreprise\/wp-json\/wp\/v2\/users\/1"}],"replies":[{"embeddable":true,"href":"https:\/\/lelievre-couverture.com\/entreprise\/wp-json\/wp\/v2\/comments?post=261"}],"version-history":[{"count":4,"href":"https:\/\/lelievre-couverture.com\/entreprise\/wp-json\/wp\/v2\/pages\/261\/revisions"}],"predecessor-version":[{"id":376,"href":"https:\/\/lelievre-couverture.com\/entreprise\/wp-json\/wp\/v2\/pages\/261\/revisions\/376"}],"wp:attachment":[{"href":"https:\/\/lelievre-couverture.com\/entreprise\/wp-json\/wp\/v2\/media?parent=261"}],"curies":[{"name":"wp","href":"https:\/\/api.w.org\/{rel}","templated":true}]}}