{"id":17,"date":"2014-10-07T08:32:48","date_gmt":"2014-10-07T07:32:48","guid":{"rendered":"http:\/\/lelievre-couverture.com\/entreprise\/?page_id=17"},"modified":"2015-05-07T10:55:38","modified_gmt":"2015-05-07T09:55:38","slug":"contact-et-devis-gratuit","status":"publish","type":"page","link":"https:\/\/lelievre-couverture.com\/entreprise\/contact-et-devis-gratuit\/","title":{"rendered":"Contact et devis gratuit | toit devis gratuit intervention r\u00e9paration"},"content":{"rendered":"<p><strong>Entreprise <\/strong><strong>SARL<\/strong><strong> Leli\u00e8vre (<\/strong><strong>SIRET 49271682400015) <\/strong><strong>:<br \/>\n22 rue des Prieurs 80630 BEAUVAL , t\u00e9l : 03.22.77.19.83 \/ 2 Rue de la Couture 80600 Lucheux , t\u00e9l : 03.21.55.14.26 . <\/strong><a href=\"mailto:contact.lelievre@gmail.com\">contact.lelievre@gmail.com<\/a><\/p>\n<p>Pour nous joindre directement sur chantier\u00a0 : Olivier 06.24.60.66.16 \/ Christophe 06.24.60.66.15<\/p>\n<p><strong>Notre formulaire en ligne auquel vous pouvez ajouter une photo du futur chantier (facultative), afin de mieux cerner votre demande :<\/strong><\/p>\n\n<div class=\"wpcf7 no-js\" id=\"wpcf7-f42-o1\" lang=\"fr-FR\" dir=\"ltr\" data-wpcf7-id=\"42\">\n<div class=\"screen-reader-response\"><p role=\"status\" aria-live=\"polite\" aria-atomic=\"true\"><\/p> <ul><\/ul><\/div>\n<form action=\"\/entreprise\/wp-json\/wp\/v2\/pages\/17#wpcf7-f42-o1\" method=\"post\" class=\"wpcf7-form init\" aria-label=\"Formulaire de contact\" enctype=\"multipart\/form-data\" novalidate=\"novalidate\" data-status=\"init\">\n<fieldset class=\"hidden-fields-container\"><input type=\"hidden\" name=\"_wpcf7\" value=\"42\" \/><input type=\"hidden\" name=\"_wpcf7_version\" value=\"6.1.5\" \/><input type=\"hidden\" name=\"_wpcf7_locale\" value=\"fr_FR\" \/><input type=\"hidden\" name=\"_wpcf7_unit_tag\" value=\"wpcf7-f42-o1\" \/><input type=\"hidden\" name=\"_wpcf7_container_post\" value=\"0\" \/><input type=\"hidden\" name=\"_wpcf7_posted_data_hash\" value=\"\" \/>\n<\/fieldset>\n<p>Votre nom (obligatoire)\n<\/p>\n<p><span class=\"wpcf7-form-control-wrap\" data-name=\"your-name\"><input size=\"40\" maxlength=\"400\" class=\"wpcf7-form-control wpcf7-text wpcf7-validates-as-required\" aria-required=\"true\" aria-invalid=\"false\" value=\"\" type=\"text\" name=\"your-name\" \/><\/span>\n<\/p>\n<p>Votre email (obligatoire)\n<\/p>\n<p><span class=\"wpcf7-form-control-wrap\" data-name=\"your-email\"><input size=\"40\" maxlength=\"400\" class=\"wpcf7-form-control wpcf7-email wpcf7-validates-as-required wpcf7-text wpcf7-validates-as-email\" aria-required=\"true\" aria-invalid=\"false\" value=\"\" type=\"email\" name=\"your-email\" \/><\/span>\n<\/p>\n<p>Votre t\u00e9l\u00e9phone (optionnel)\n<\/p>\n<p><span class=\"wpcf7-form-control-wrap\" data-name=\"tel-849\"><input size=\"40\" maxlength=\"400\" class=\"wpcf7-form-control wpcf7-tel wpcf7-text wpcf7-validates-as-tel\" aria-invalid=\"false\" value=\"\" type=\"tel\" name=\"tel-849\" \/><\/span>\n<\/p>\n<p>Sujet (optionnel)\n<\/p>\n<p><span class=\"wpcf7-form-control-wrap\" data-name=\"your-subject\"><input size=\"40\" maxlength=\"400\" class=\"wpcf7-form-control wpcf7-text\" aria-invalid=\"false\" value=\"\" type=\"text\" name=\"your-subject\" \/><\/span>\n<\/p>\n<p>Votre message\n<\/p>\n<p><span class=\"wpcf7-form-control-wrap\" data-name=\"your-message\"><textarea cols=\"40\" rows=\"10\" maxlength=\"2000\" class=\"wpcf7-form-control wpcf7-textarea\" aria-invalid=\"false\" name=\"your-message\"><\/textarea><\/span>\n<\/p>\n<p>Joignez \u00e9ventuellement une photo pour illustrer votre demande\n<\/p>\n<p><span class=\"wpcf7-form-control-wrap\" data-name=\"file-757\"><input size=\"40\" class=\"wpcf7-form-control wpcf7-file\" accept=\"audio\/*,video\/*,image\/*\" aria-invalid=\"false\" type=\"file\" name=\"file-757\" \/><\/span>\n<\/p>\n<p><input class=\"wpcf7-form-control wpcf7-submit has-spinner\" type=\"submit\" value=\"Envoyer\" \/>\n<\/p><p style=\"display: none !important;\" class=\"akismet-fields-container\" data-prefix=\"_wpcf7_ak_\"><label>&#916;<textarea name=\"_wpcf7_ak_hp_textarea\" cols=\"45\" rows=\"8\" maxlength=\"100\"><\/textarea><\/label><input type=\"hidden\" id=\"ak_js_1\" name=\"_wpcf7_ak_js\" value=\"240\"\/><script type=\"text\/javascript\">\n\/* <![CDATA[ *\/\ndocument.getElementById( \"ak_js_1\" ).setAttribute( \"value\", ( new Date() ).getTime() );\n\/* ]]> *\/\n<\/script>\n<\/p><div class=\"wpcf7-response-output\" aria-hidden=\"true\"><\/div>\n<\/form>\n<\/div>\n\n<p>Cette prise de contact constitue une premi\u00e8re entr\u00e9e en mati\u00e8re concernant votre projet. Nous jugeons et agissons en fonction de notre disponibilit\u00e9 mais surtout au niveau de l&rsquo;importance de l&rsquo;intervention : sur une r\u00e9paration de toiture suite \u00e0 d\u00e9g\u00e2ts m\u00e9t\u00e9o, <a href=\"http:\/\/lelievre-couverture.com\/entreprise\/depannage-toitures-artisan-reactif\/\">s\u00e9curisation de couverture apr\u00e8s temp\u00eate<\/a>, d\u00e9g\u00e2t naturel, nous mettrons tout en oeuvre pour vous donner satisfaction dans des d\u00e9lais courts (la journ\u00e9e), c&rsquo;est la marque de fabrique de Leli\u00e8vre couverture.<\/p>\n<p>Pour une demande de r\u00e9fection (partielle ou totale, de la charpente jusqu&rsquo;aux tuiles) ou pour des travaux de nettoyage et d&rsquo;entretien, nous avons pour habitude de nous d\u00e9placer chez vous afin de juger au mieux des travaux \u00e0 entreprendre. S&rsquo;en suit tr\u00e8s rapidement un devis personnalis\u00e9 et une prise de date pour le d\u00e9but du chantier.<br \/>\nAttention, sur ce point nous vous rappelons que notre secteur d&rsquo;intervention pour tous travaux sur toitures (zinguerie, tuiles, ardoises, s\u00e9curisation) se situe dans le triangle <em><a href=\"http:\/\/lelievre-couverture.com\/entreprise\/couvreur-arras-le-choix-dune-ville-riche-en-architecture\/\" target=\"_blank\">Arras<\/a>, Hesdin, Amiens<\/em>. Nous pouvons bien entendu nous d\u00e9placer sur tout le Nord Pas-de-Calais et la Picardie, mais nos disponibilit\u00e9s souffriront de la distance\u00a0 qui s\u00e9pare nos locaux (Beauval et Lucheux) \u00e0 votre lieu de r\u00e9sidence.<\/p>\n<div id=\"attachment_210\" style=\"width: 610px\" class=\"wp-caption aligncenter\"><a href=\"http:\/\/lelievre-couverture.com\/entreprise\/wp-content\/uploads\/2014\/10\/lelievre-photos-075.jpg\"><img loading=\"lazy\" decoding=\"async\" aria-describedby=\"caption-attachment-210\" class=\"wp-image-210\" src=\"http:\/\/lelievre-couverture.com\/entreprise\/wp-content\/uploads\/2014\/10\/lelievre-photos-075.jpg\" alt=\"lelievre photos 075\" width=\"600\" height=\"450\" \/><\/a><p id=\"caption-attachment-210\" class=\"wp-caption-text\">Leli\u00e8vre couverture : une entreprise artisanale de couverture qui tient ses promesses et ses d\u00e9lais.<\/p><\/div>\n<p>&nbsp;<\/p>\n","protected":false},"excerpt":{"rendered":"<p>Entreprise SARL Leli\u00e8vre (SIRET 49271682400015) : 22 rue des Prieurs 80630 BEAUVAL , t\u00e9l : 03.22.77.19.83 \/ 2 Rue de la Couture 80600 Lucheux , t\u00e9l : 03.21.55.14.26 . contact.lelievre@gmail.com Pour nous joindre directement sur chantier\u00a0 : Olivier 06.24.60.66.16 \/ Christophe 06.24.60.66.15 Notre formulaire en ligne auquel vous pouvez ajouter une photo du futur chantier<\/p>\n","protected":false},"author":1,"featured_media":0,"parent":0,"menu_order":0,"comment_status":"closed","ping_status":"closed","template":"","meta":{"footnotes":""},"class_list":["post-17","page","type-page","status-publish","hentry"],"_links":{"self":[{"href":"https:\/\/lelievre-couverture.com\/entreprise\/wp-json\/wp\/v2\/pages\/17","targetHints":{"allow":["GET"]}}],"collection":[{"href":"https:\/\/lelievre-couverture.com\/entreprise\/wp-json\/wp\/v2\/pages"}],"about":[{"href":"https:\/\/lelievre-couverture.com\/entreprise\/wp-json\/wp\/v2\/types\/page"}],"author":[{"embeddable":true,"href":"https:\/\/lelievre-couverture.com\/entreprise\/wp-json\/wp\/v2\/users\/1"}],"replies":[{"embeddable":true,"href":"https:\/\/lelievre-couverture.com\/entreprise\/wp-json\/wp\/v2\/comments?post=17"}],"version-history":[{"count":12,"href":"https:\/\/lelievre-couverture.com\/entreprise\/wp-json\/wp\/v2\/pages\/17\/revisions"}],"predecessor-version":[{"id":367,"href":"https:\/\/lelievre-couverture.com\/entreprise\/wp-json\/wp\/v2\/pages\/17\/revisions\/367"}],"wp:attachment":[{"href":"https:\/\/lelievre-couverture.com\/entreprise\/wp-json\/wp\/v2\/media?parent=17"}],"curies":[{"name":"wp","href":"https:\/\/api.w.org\/{rel}","templated":true}]}}